is divided by w(-13)?
9
Suppose -2*f + 7 = -1. Let n(v) = -v**2 + 5*v - 2. Let a be n(f). Suppose -a*t + 230 = 3*t. What is the remainder when t is divided by 16?
14
Let p be 0 + 139 + 1 + 1. Let z = 222 - p. What is the remainder when z is divided by 21?
18
Suppose q = -3*r + 18, -r - q = -2*q - 2. Suppose 5*u + 4 = u. What is the remainder when -12*(0 - 1) - u is divided by r?
3
Let y = 33 + -13. Calculate the remainder when 38 is divided by y.
18
Suppose 2*t - 225 = -3*t. Let c = -15 + t. Calculate the remainder when c is divided by 16.
14
Suppose 0 = u - 16 - 3. Let k = -62 - -97. Calculate the remainder when k is divided by u.
16
Let t = 33 - 21. Calculate the remainder when t is divided by 8.
4
Suppose 3 = -b - b - 3*k, -2*b + 3 = k. Suppose z - 3 + 4 = -b*g, -2*z + 2*g + 30 = 0. What is the remainder when z is divided by 4?
3
Let l(f) = 3*f - 18. Suppose 0 = -0*r - r + 15. What is the remainder when r is divided by l(9)?
6
Let s(k) = 2*k**2 + 5*k + 4. Let b be 0 - (5 - (0 + 2)). Calculate the remainder when s(b) is divided by 5.
2
Suppose -4*z + 29 + 23 = 0. Suppose -132 = -5*d + 3*m, 52 = 2*d - 4*m + 3*m. Calculate the remainder when d is divided by z.
11
Let r(w) = w**3 + 2*w**2 - 5*w - 3. Let z be r(-3). Suppose 0*t - z*t + 39 = 0. What is the remainder when t is divided by 7?
6
What is the remainder when 4/6*-6 - -38 is divided by 9?
7
Let v(c) = c**3 + 5*c**2 + 3*c - 3. Let t be 2/(-5) - (-635)/25. Suppose 4*h + 4 = 0, 4*h + t - 5 = x. Calculate the remainder when x is divided by v(-3).
4
Suppose 0*j - 2*j - 4*l - 62 = 0, 3*l = -4*j - 104. Let u = 50 + j. What is the remainder when 106 is divided by u?
25
Suppose 0 = -6*l + 8*l - 46. Calculate the remainder when l is divided by 6.
5
What is the remainder when 26 is divided by 9 - 0/(1 + -3)?
8
Suppose -3*j - 2*d + 3 = 0, -4*d - 5 = -5*j - 0*d. Calculate the remainder when j is divided by 1.
0
Let q be ((-21)/1)/((-3)/4). Suppose 0*l + 4*l = q. Calculate the remainder when 26 is divided by l.
5
Suppose -3*m = -3*d + 30, 7 - 2 = m. Let k(z) = 4*z**2 - 4*z + 3. Calculate the remainder when k(3) is divided by d.
12
Suppose -11 = -g - 2*a, -2 = 5*a + 3. Calculate the remainder when 47 is divided by g.
8
Let f = 29 + 6. Calculate the remainder when 104 is divided by f.
34
Let s(f) = 3*f**3 - 3*f**2 + 7*f - 50. Let w(m) = m**3 - m**2 + 2*m - 17. Let o(v) = 2*s(v) - 7*w(v). Calculate the remainder when o(0) is divided by 7.
5
Suppose 0 = -4*y + 4*i - i - 23, -4*y - 26 = -2*i. Let b = y + 12. Let k = -4 - -17. What is the remainder when k is divided by b?
1
Let r = 20 - -10. Let f = 56 - r. Calculate the remainder when f is divided by 7.
5
Let u(n) = -2*n**2 - 3*n. Let c be u(-5). Let i = -2 - c. Calculate the remainder when i is divided by (-2)/(-3) - (-100)/12.
6
Suppose 0 = 3*b - 0*b - 48. Suppose h - b - 3 = 0. Let r = h + -6. Calculate the remainder when 38 is divided by r.
12
Let j(x) be the first derivative of x**3/3 - 3*x**2/2 + x + 1. Calculate the remainder when j(3) is divided by 6/5 - (-2)/(-10).
0
Let n = 83 - 58. Calculate the remainder when (-2)/8 + (-891)/(-12) + -1 is divided by n.
23
Let l(k) = -k + 12. Let t be l(8). Suppose 3*i - t*i = -39. What is the remainder when i is divided by (-10)/((-1 + 3)/(-2))?
9
Let p = 6 - -8. Suppose -4*c = 2*m - 32, -2*c + c - 2*m + p = 0. Suppose -c + 16 = 5*y, 3*y + 14 = 5*w. What is the remainder when 11 is divided by w?
3
Let m(i) = 2*i - 8. Let s(w) = -w + 2. Suppose -2*k - k = 15. Let j be s(k). Calculate the remainder when 16 is divided by m(j).
4
Let d be -4*1*(-7)/2. Suppose -10 - d = -3*l. Calculate the remainder when 27 is divided by (l - (0 + 1))*2.
13
Suppose 3*c - 2 - 1 = 0. Suppose -5*u + 4*a = -31, -5*u + 26 = a - 10. Calculate the remainder when (c - 1) + (14 - 1) is divided by u.
6
Let t = -103 - -46. Let r(f) = -f**3 - 6*f**2 + 4*f + 6. Let d be r(-5). Let w = d - t. What is the remainder when 34 is divided by w?
16
Let k = 1 + -2. Let w = k - -3. Suppose -w*r + 40 = 3*r. What is the remainder when r is divided by 5?
3
Let n = -3 + 5. Let r = n - -2. Suppose 4*o = -5*t + 23, -o = t + r*o + 8. Calculate the remainder when t is divided by 5.
2
Let n be ((-10)/(-6))/((-2)/(-6)). Suppose 0 = -d + 4*d + 15, 49 = b - n*d. Let a(k) = -k**3 + k**2 - 2*k - 3. What is the remainder when b is divided by a(-2)?
11
Let d be (-7)/((-21)/12) - 1. Suppose -65 - 23 = -d*b + 5*v, -2*v = -2*b + 60. Calculate the remainder when b is divided by 16.
15
What is the remainder when 22/2*2/1 is divided by (0 + -2)/(7/(-42))?
10
Suppose -2*x + 6 = -4*x. Let n be (-3)/x + (1 - -1). Suppose 5*c + 2*s - 45 = 0, 11 + 15 = n*c + s. Calculate the remainder when 20 is divided by c.
6
Let l = 4 - 8. Let y = l - -4. Let r(x) = -x + 13. What is the remainder when 25 is divided by r(y)?
12
Suppose -l = -5*y + 20, -l + 4*y = 2*y + 5. Calculate the remainder when 13 is divided by l.
3
What is the remainder when (-2)/(-9) + (-3141)/(-81) is divided by 22?
17
Let o = 249 + -223. Calculate the remainder when o is divided by (-2)/7 + 100/7.
12
Let q(s) = 2*s - 3 - 2*s + s**2 + 0*s**2. Let d be q(0). Let g(m) = 6*m**2 - 4*m. Calculate the remainder when g(d) is divided by 17.
15
Suppose -9*b + 2*b = -154. What is the remainder when 131 is divided by b?
21
Let h = 10 - 4. Calculate the remainder when 18 is divided by h.
0
Let f(o) = o**2 - o + 5. Calculate the remainder when f(-3) is divided by 9.
8
Let s(z) = 2*z - 4 + 2*z**2 + z**3 + 5*z**2 + z. Calculate the remainder when 53 is divided by s(-6).
11
Let t(s) = -5*s**2 + 7*s + 8. Let j = -3 - -9. Let z be t(j). Calculate the remainder when 13 is divided by z/(-18) + 12/(-54).
6
Suppose -c = -0*c - 9. Calculate the remainder when c is divided by 6.
3
Suppose 0 = 7*m - 18 - 185. What is the remainder when m is divided by 8?
5
Let b = 44 - 24. What is the remainder when -59*4/4*-1 is divided by b?
19
Let n be 5*-4*(-11)/2. Suppose 0 = -c + 3*c - n. What is the remainder when c is divided by 19?
17
Let p be (10/(-8))/((-2)/88). Let f be (0 + -1)/(1/(-2)). Suppose p = 3*o + f*o. What is the remainder when 21 is divided by o?
10
Let i(w) = -w**2 + 4*w + 7. Let y be i(5). Suppose 4*m = -y*u + 58, 2*u - 5*u - 4*m = -95. Calculate the remainder when u is divided by 13.
11
Let t be (-38)/(-3)*3/2. Suppose r + 5*p = 24 + t, 3*p + 3 = r. Calculate the remainder when r is divided by 10.
8
Suppose 0 = 4*z + 2*z - 24. Calculate the remainder when 7 is divided by z.
3
Suppose 2*j - 4*p - 74 = 0, -3*j - 4*p = -2*j - 7. Suppose 4*u + 5 = -y + j, -3*y = -6. What is the remainder when 13 is divided by u?
3
Let d = 9 - 17. Let f(x) = -x**3 - 8*x**2 - 2*x + 1. What is the remainder when 49 is divided by f(d)?
15
Let n(o) = -2*o**3 - 6*o**2 + 2*o - 1. Calculate the remainder when n(-5) is divided by 30.
29
Suppose 0 = -2*f - r + 2*r + 28, f - 14 = -4*r. What is the remainder when 55 is divided by f?
13
Let p(c) = -c + 18. Calculate the remainder when 16 is divided by p(11).
2
Suppose x - 40 = 3*z, 5*x + 8*z = 12*z + 189. Calculate the remainder when 293 is divided by x.
34
Suppose -11 = 2*d + 35. Let s = 34 + d. Calculate the remainder when 31 is divided by s.
9
Let w(k) = -k - 11. Let b be w(-9). Calculate the remainder when b/(69/71 - 1) is divided by 18.
17
Let s = 12 - 1. Suppose -2*a = 5*z + s, 3*z + 9 = 5*a - 10. Calculate the remainder when 7 is divided by a.
1
Let z(k) = -k**3 - 6*k**2 + 5*k + 4. Let w(s) = 6*s**2 + s. Calculate the remainder when z(-7) is divided by w(1).
4
Let f(a) = -a**2 - 7*a + 7. Calculate the remainder when f(-5) is divided by 6.
5
Let i be -2 + (1 + -1 - -14). Let u = -4 + 7. Let p = u + i. What is the remainder when p is divided by 8?
7
Let l = -12 + 20. Suppose -4*i + 3*i + l = 0. Calculate the remainder when 31 is divided by i.
7
Let w(v) = 14*v + 2. Let b(u) = -u + 2. Let o be b(0). Calculate the remainder when w(o) is divided by -2 + 20 - 2*1.
14
Suppose -u - 1 = -2*s + 7, 3*s = 4*u + 17. Calculate the remainder when 20 is divided by s.
2
Let c(z) = -z**3 - 2*z**2 + 2*z + 4. Let p be c(-4). Suppose 3*q + 4 = p. What is the remainder when 13 is divided by q?
5
Suppose 4*p + 0*g - 38 = g, 3*g = -3*p + 36. Calculate the remainder when 79 is divided by p.
9
Let n(i) = -i**3 + 6*i**2 - 3*i - 8. What